at is -23452 (base 7) in base 10?
-6064
-1fbd7 (base 16) to base 3
-20121100002
Convert 248259 (base 12) to base 2.
10010001001101100101
Convert -111011011001000010 (base 2) to base 14.
-64922
Convert -1b915 (base 12) to base 14.
-10d69
What is 75918 (base 14) in base 11?
184762
What is -8615676 (base 10) in base 8?
-40673374
-1143014103 (base 5) to base 12
-aa4b86
What is 13566024 (base 8) in base 12?
1043698
Convert -63263 (base 11) to base 13.
-32c36
Convert 820603 (base 13) to base 12.
1020717
-2611434 (base 10) to base 9
-4820183
Convert 52056 (base 7) to base 9.
18416
What is -45034 (base 13) in base 14?
-33920
What is -16798a9 (base 11) in base 16?
-2b8a2c
Convert -aa745 (base 12) to base 16.
-371a5
Convert 46d74 (base 14) to base 9.
283005
-2c9db (base 15) to base 5
-14101411
What is -d896a (base 15) in base 9?
-1256651
Convert -10657a (base 11) to base 5.
-20412404
5231400 (base 6) to base 7
2102562
What is 40042663 (base 7) in base 11?
1957a45
What is 8471582 (base 9) in base 2?
10001010011001001001011
Convert 15732 (base 9) to base 2.
10101000110010
Convert -13084dc (base 14) to base 16.
-8bdc72
What is -476706 (base 8) in base 6?
-3255514
765505 (base 8) to base 15
51177
What is -10990 (base 15) in base 12?
-26669
-eda78 (base 15) to base 10
-754988
Convert 397629 (base 14) to base 7.
22553352
What is 201541141 (base 6) in base 15?
482454
What is 10011011000101011111 (base 2) in base 10?
635231
-344042 (base 8) to base 4
-130200202
Convert 3764300 (base 12) to base 10.
10831536
What is 480316 (base 9) in base 16?
468ae
Convert 2056423 (base 10) to base 12.
832087
Convert -101010112110 (base 3) to base 11.
-1268aa
67551 (base 8) to base 2
110111101101001
Convert -1207003 (base 8) to base 9.
-554364
-341242 (base 8) to base 11
-79745
Convert 110110110001010011 (base 2) to base 13.
7b15b
Convert 2022555 (base 6) to base 11.
665a4
What is -844144 (base 11) in base 14?
-272c49
Convert 1100011001110110 (base 2) to base 11.
35198
Convert 37833 (base 12) to base 10.
75495
What is 11101011101011 (base 2) in base 9?
22618
What is 113223421 (base 6) in base 5?
1020242334
Convert -12033402 (base 6) to base 11.
-238a43
Convert -1c007 (base 15) to base 8.
-261774
131320255 (base 7) to base 11
4823427
What is -3d720 (base 15) in base 2?
-110000001011101011
Convert -bba36 (base 12) to base 3.
-110121222220
-3332130 (base 7) to base 12
-17a053
What is -341874 (base 11) in base 10?
-544097
-1100110221 (base 3) to base 2
-110011111100001
Convert -10b591 (base 16) to base 12.
-449869
What is 59914 (base 10) in base 14?
17b98
What is -228621 (base 9) in base 11?
-94392
Convert 65347 (base 13) to base 4.
230222011
What is 3075132 (base 9) in base 5?
410102010
a32f0 (base 16) to base 14
13582c
What is 149373 (base 11) in base 4?
320221211
10101022100101 (base 3) to base 2
110110110110001110110
Convert 14862 (base 11) to base 3.
1001210211
Convert 365617 (base 8) to base 13.
4537c
b603b (base 12) to base 5
30113021
What is -18fd8 (base 16) in base 11?
-6a9a5
What is 360709 (base 14) in base 13?
4c7c2c
What is 1000010111111010100001101 (base 2) in base 8?
102772415
Convert 161836 (base 9) to base 16.
185f1
Convert 73c83 (base 15) to base 10.
367323
Convert -294ae (base 16) to base 8.
-512256
Convert 145220 (base 6) to base 5.
422444
Convert 804282 (base 9) to base 5.
110204134
What is -4377a2 (base 15) in base 12?
-10b045b
Convert -a3582 (base 13) to base 16.
-47920
Convert 510182 (base 12) to base 3.
2101021102222
Convert 9685e5 (base 15) to base 4.
123111220001
What is -28398 (base 12) in base 15?
-1182e
What is -90245a (base 13) in base 12?
-1154966
-79378 (base 10) to base 9
-130787
Convert -4ab34 (base 14) to base 16.
-2cc0a
Convert 9c8a86 (base 13) to base 10.
3703745
What is 48a120 (base 11) in base 6?
24334545
What is -1454063 (base 7) in base 5?
-22321144
What is -12202121121 (base 3) in base 9?
-182547
-1021021201202 (base 3) to base 2
-10100100110000101010
Convert 10101101010011000000000 (base 2) to base 14.
a7b65a
-546155 (base 9) to base 3
-121120011212
Convert -12112120020 (base 3) to base 2.
-11010100111101000
Convert -1212132033 (base 4) to base 8.
-1463617
-4745421 (base 8) to base 11
-806645
-68882 (base 10) to base 4
-100310102
220001101 (base 5) to base 6
32032551
Convert -1d7a (base 14) to base 4.
-1110120
What is 676586 (base 14) in base 3?
20121111111121
744505 (base 8) to base 2
111100100101000101
Convert 3a1796 (base 12) to base 5.
221103311
Convert 5531560 (base 10) to base 14.
a3dc36
Convert 4511864 (base 9) to base 2.
1001010001000001001101
-818612 (base 9) to base 3
-220122200102
What is -2463451 (base 7) in base 3?
-121011110221
What is 4483b (base 13) in base 2?
11110011000010010
What is -df3c6 (base 16) in base 7?
-10525546
What is -11462124 (base 7) in base 15?
-153439
Convert -2202202 (base 6) to base 12.
-53362
What is 27992 (base 15) in base 16?
1f03d
What is -10310342 (base 5) in base 10?
-88222
What is 107346 (base 15) in base 13?
21596a
Convert 21422254 (base 6) to base 15.
c9cc7
What is 1d1e77 (base 16) in base 2?
111010001111001110111
Convert -2120516 (base 8) to base 11.
-356a26
Convert -4c350 (base 14) to base 12.
-90442
30331112 (base 4) to base 15
10ad8
Convert -111595 (base 12) to base 6.
-5455505
What is 13003111 (base 4) in base 5?
1411020
155620 (base 11) to base 10
241659
-b3016 (base 13) to base 4
-1032110031
Convert 25aaa0 (base 11) to base 14.
a9573
Convert -2503296 (base 11) to base 9.
-8163722
Convert 1111101010011101111 (base 2) to base 7.
4235252
What is -2026557 (base 12) in base 13?
-132c265
What is 277743 (base 8) in base 16?
17fe3
What is 2421442241 (base 5) in base 3?
101122100111111
878b5 (base 13) to base 6
5131543
Convert -1210112001 (base 3) to base 12.
-18577
18ece (base 16) to base 15
203b4
3bb32 (base 16) to base 8
735462
What is -6d5c4c (base 16) in base 11?
-4055792
102002013201 (base 4) to base 7
55116054
Convert 2235520 (base 6) to base 5.
12122044
-1022042044 (base 6) to base 14
-15d6a28
What is 3b36939 (base 12) in base 10?
11769021
180cb7 (base 13) to base 10
601959
What is 2717535 (base 9) in base 13?
401588
65623 (base 8) to base 13
c6c5
-14df4 (base 16) to base 10
-85492
What is 111101000011100101101 (base 2) in base 10?
2000685
What is 1302132 (base 5) in base 16?
62cc
What is 140213234 (base 5) in base 8?
2553454
3b824 (base 15) to base 3
100200202221
Convert 12684045 (base 9) to base 10.
6255590
-5e3a (base 16) to base 12
-11b62
582a61 (base 12) to base 6
50155001
What is 10121200200 (base 3) in base 12?
35269
What is 23344472 (base 9) in base 11?
6464188
Convert 1102320203 (base 4) to base 16.
52e23
Convert -44669 (base 15) to base 14.
-59361
Convert -422113034 (base 5) to base 8.
-6542040
What is 5402410 (base 6) in base 2?
1000000101100000110
What is -4742342 (base 8) in base 16?
-13c4e2
-100101121012221 (base 3) to base 14
-93d167
What is -99040 (base 11) in base 16?
-231b0
Convert 45011212 (base 6) to base 2.
101001010101101111000
Convert -20413014 (base 5) to base 14.
-45c19
-663767 (base 9) to base 6
-12255311
What is 255aa8 (base 14) in base 6?
43302220
Convert 30974 (base 10) to base 13.
11138
132fd3 (base 16) to base 14
24a363
Convert b476 (base 15) to base 12.
1a0a0
-cc5c1 (base 15) to base 7
-5343010
Convert 1111000011100111 (base 2) to base 15.
13416
What is -3110032214 (base 5) in base 13?
-140845b
What is 676a24 (base 12) in base 11?
a27722
-202156 (base 8) to base 9
-111407
210002313 (base 4) to base 3
21111112010
240204 (base 7) to base 12
210a0
What is -308986 (base 12) in base 14?
-15b846
-100212033 (base 5) to base 9
-665564
What is 10100010010101101011 (base 2) in base 5?
132234224
-2351123 (base 7) to base 6
-10220125
What is 7872a6 (base 12) in base 11?
10a1767
-342233 (base 5) to base 12
-7081
-535434345 (base 6) to base 3
-122220000101002
Convert 2363d4 (base 14) to base 9.
2241221
-111220212121 (base 3) to base 9
-456777
1329896 (base 10) to base 11
829197
-882096 (base 11) to base 14
-289331
What is 34544b3 (base 12) in base 8?
46311307
-601736 (base 8) to base 11
-125505
333221200 (base 4) to base 7
2134033
-d30d1 (base 15) to base 4
-2203030132
Convert -97677d (base 15) to base 5.
-3321220233
10619850 (base 10) to base 3
201222112200210
Conve